{"id":264,"date":"2017-02-01T20:58:51","date_gmt":"2017-02-01T19:58:51","guid":{"rendered":"http:\/\/si-projekty-vyvoj.fit.cvut.cz\/wp\/?post_type=tribe_events&#038;p=264"},"modified":"2017-12-12T09:36:26","modified_gmt":"2017-12-12T08:36:26","slug":"oslava-zimniho-slunovratu","status":"publish","type":"tribe_events","link":"https:\/\/www.spolek-amonit.cz\/index.php\/event\/oslava-zimniho-slunovratu\/","title":{"rendered":"Oslava zimn\u00edho slunovratu"},"content":{"rendered":"<p>Sauna, bubnov\u00e1n\u00ed, tanec&#8230; &nbsp;<strong><a href=\"https:\/\/www.facebook.com\/events\/810738445794241\/\" target=\"_blank\" rel=\"noopener noreferrer\">hl\u00e1sit se lze na FB<\/a><\/strong>&nbsp;nebo<strong>&nbsp;<a href=\"mailto:spolek.amonit@gmail.com\">mailem<\/a><\/strong><\/p>\n<ul>\n<li><strong>P\u00e1tek:<\/strong>\n<ul>\n<li>je dobr\u00e9 dorazit v p\u00e1tek kolem 18. hodiny, abyste se stihli rozkoukat,<\/li>\n<li>za\u010dneme kolem 20.00,<\/li>\n<li>ohe\u0148 se bude zapalovat cca ve 21 hodin,<\/li>\n<li>do sauny p\u016fjdeme kolem p\u016flnoci.<\/li>\n<\/ul>\n<\/li>\n<li><strong>Sobota:<\/strong>\n<ul>\n<li>techniky dle ro\u010dn\u00edho obdob\u00ed, le\u010d ur\u010dit\u011b t\u00e9\u017e cesta bubnu,<\/li>\n<li>celono\u010dn\u00ed bubnov\u00e1n\u00ed a zp\u011bv od p\u016flnoci do sv\u00edt\u00e1n\u00ed.<\/li>\n<\/ul>\n<\/li>\n<li><strong>Ned\u011ble:<\/strong>\n<ul>\n<li>z\u00e1v\u011bre\u010dn\u00fd sharing<\/li>\n<li>odjezd kr\u00e1tce po poledni.<\/li>\n<\/ul>\n<\/li>\n<\/ul>\n<p><strong>Cena<\/strong><\/p>\n<p><strong>\u010clenov\u00e9 spolku 1 &nbsp;100K\u010d<\/strong>.&nbsp;<\/p>\n<p><strong>Ne\u010dlenov\u00e9 spolku 1 &nbsp;500K\u010d<\/strong>.<\/p>\n<p><strong>Speci\u00e1ln\u00ed situace:<\/strong> zkr\u00e1cen\u00e1 \u00fa\u010dast, &nbsp; rodiny s d\u011btmi, &nbsp;jeden s d\u011btmi apod. budeme \u0159e\u0161it na m\u00edst\u011b dohodou.<\/p>\n","protected":false},"excerpt":{"rendered":"<p>Sauna, bubnov\u00e1n\u00ed, tanec&#8230; &nbsp;hl\u00e1sit se lze na FB&nbsp;nebo&nbsp;mailem P\u00e1tek: je dobr\u00e9 dorazit v p\u00e1tek kolem 18. hodiny, abyste se stihli rozkoukat, za\u010dneme kolem 20.00, ohe\u0148 se bude zapalovat cca ve &hellip; <\/p>\n<p class=\"link-more\"><a href=\"https:\/\/www.spolek-amonit.cz\/index.php\/event\/oslava-zimniho-slunovratu\/\" class=\"more-link\">Pokra\u010dovat ve \u010dten\u00ed<span class=\"screen-reader-text\"> &#8222;Oslava zimn\u00edho slunovratu&#8220;<\/span><\/a><\/p>\n","protected":false},"author":1,"featured_media":0,"comment_status":"open","ping_status":"closed","template":"","meta":{"ngg_post_thumbnail":0,"_tribe_events_status":"","_tribe_events_status_reason":"","footnotes":""},"tags":[],"tribe_events_cat":[],"class_list":["post-264","tribe_events","type-tribe_events","status-publish","hentry"],"_links":{"self":[{"href":"https:\/\/www.spolek-amonit.cz\/index.php\/wp-json\/wp\/v2\/tribe_events\/264","targetHints":{"allow":["GET"]}}],"collection":[{"href":"https:\/\/www.spolek-amonit.cz\/index.php\/wp-json\/wp\/v2\/tribe_events"}],"about":[{"href":"https:\/\/www.spolek-amonit.cz\/index.php\/wp-json\/wp\/v2\/types\/tribe_events"}],"author":[{"embeddable":true,"href":"https:\/\/www.spolek-amonit.cz\/index.php\/wp-json\/wp\/v2\/users\/1"}],"replies":[{"embeddable":true,"href":"https:\/\/www.spolek-amonit.cz\/index.php\/wp-json\/wp\/v2\/comments?post=264"}],"version-history":[{"count":3,"href":"https:\/\/www.spolek-amonit.cz\/index.php\/wp-json\/wp\/v2\/tribe_events\/264\/revisions"}],"predecessor-version":[{"id":533,"href":"https:\/\/www.spolek-amonit.cz\/index.php\/wp-json\/wp\/v2\/tribe_events\/264\/revisions\/533"}],"wp:attachment":[{"href":"https:\/\/www.spolek-amonit.cz\/index.php\/wp-json\/wp\/v2\/media?parent=264"}],"wp:term":[{"taxonomy":"post_tag","embeddable":true,"href":"https:\/\/www.spolek-amonit.cz\/index.php\/wp-json\/wp\/v2\/tags?post=264"},{"taxonomy":"tribe_events_cat","embeddable":true,"href":"https:\/\/www.spolek-amonit.cz\/index.php\/wp-json\/wp\/v2\/tribe_events_cat?post=264"}],"curies":[{"name":"wp","href":"https:\/\/api.w.org\/{rel}","templated":true}]}}

Oslava zimního slunovratu

<p>Sauna, bubnování, tanec&#8230; &nbsp;<strong><a href="https://www.facebook.com/events/810738445794241/" target="_blank" rel="noopener noreferrer">hlásit se lze na FB</a></strong>&nbsp;nebo<strong>&nbsp;<a href="mailto:spolek.amonit@gmail.com">mailem</a></strong></p>
<ul>
<li><strong>Pátek:</strong>
<ul>
<li>je dobré dorazit v pátek kolem 18. hodiny, abyste se stihli rozkoukat,</li>
<li>začneme kolem 20.00,</li>
<li>oheň se bude zapalovat cca ve 21 hodin,</li>
<li>do sauny půjdeme kolem půlnoci.</li>
</ul>
</li>
<li><strong>Sobota:</strong>
<ul>
<li>techniky dle ročního období, leč určitě též cesta bubnu,</li>
<li>celonoční bubnování a zpěv od půlnoci do svítání.</li>
</ul>
</li>
<li><strong>Neděle:</strong>
<ul>
<li>závěrečný sharing</li>
<li>odjezd krátce po poledni.</li>
</ul>
</li>
</ul>
<p><strong>Cena</strong></p>
<p><strong>Členové spolku 1 &nbsp;100Kč</strong>.&nbsp;</p>
<p><strong>Nečlenové spolku 1 &nbsp;500Kč</strong>.</p>
<p><strong>Speciální situace:</strong> zkrácená účast, &nbsp; rodiny s dětmi, &nbsp;jeden s dětmi apod. budeme řešit na místě dohodou.</p>

<p>Sauna, bubnování, tanec&#8230; &nbsp;hlásit se lze na FB&nbsp;nebo&nbsp;mailem Pátek: je dobré dorazit v pátek kolem 18. hodiny, abyste se stihli rozkoukat, začneme kolem 20.00, oheň se bude zapalovat cca ve &hellip; </p>
<p class="link-more"><a href="https://www.spolek-amonit.cz/index.php/event/oslava-zimniho-slunovratu/" class="more-link">Pokračovat ve čtení<span class="screen-reader-text"> &#8222;Oslava zimního slunovratu&#8220;</span></a></p>
