{"id":260,"date":"2017-02-01T20:56:22","date_gmt":"2017-02-01T19:56:22","guid":{"rendered":"http:\/\/si-projekty-vyvoj.fit.cvut.cz\/wp\/?post_type=tribe_events&#038;p=260"},"modified":"2017-07-03T08:21:44","modified_gmt":"2017-07-03T06:21:44","slug":"samansky-tyden","status":"publish","type":"tribe_events","link":"https:\/\/www.spolek-amonit.cz\/index.php\/event\/samansky-tyden\/","title":{"rendered":"\u0160amansk\u00fd t\u00fdden"},"content":{"rendered":"<p class=\"western\">Program je p\u0159ipravov\u00e1n jako pom\u011brn\u011b intenzivn\u00ed, sebezku\u0161enostn\u00ed pobyt, jen\u017e umo\u017e\u0148uje \u00fa\u010dastn\u00edk\u016fm ur\u010dit\u00fd posun \u010di r\u016fst. K&nbsp;tomu je nutn\u00e1 pln\u00e1 pozornost, maxim\u00e1ln\u00ed nasazen\u00ed a v\u016fle vyu\u017e\u00edt techniky a\u017e na hranu jejich i sv\u00fdch mo\u017enost\u00ed. V\u011bdom\u011b pracujeme se silami, kter\u00e9 n\u00e1s nepochybn\u011b p\u0159esahuj\u00ed a kter\u00e9 nelze m\u00edt pln\u011b pod kontrolou. Je proto nutn\u00e9 kruh spole\u010denstv\u00ed otev\u0159\u00edt spole\u010dn\u011b a spole\u010dn\u011b t\u00e9\u017e vymezit prostor, kde se cel\u00fd proces bude odehr\u00e1vat. Ve\u0161ker\u00e1 pozornost \u00fa\u010dastn\u00edk\u016f bude b\u011bhem t\u00fddne zam\u011b\u0159ena dovnit\u0159 skupiny, co\u017e umo\u017en\u00ed zna\u010dn\u00fd stupe\u0148 otev\u0159en\u00ed, ale i zranitelnosti. N\u00e1sleduj\u00edc\u00ed hlubinn\u00e9 techniky pak budou prob\u00edhat v bezpe\u010d\u00ed vnit\u0159n\u00edho prost\u0159ed\u00ed spole\u010denstv\u00ed, kter\u00e9 je uzav\u0159eno p\u0159ed vn\u011bj\u0161\u00edmi vlivy.<\/p>\n<p class=\"western\"><a href=\"https:\/\/www.spolek-amonit.cz\/wp-content\/uploads\/2017\/07\/letacek-a4.pdf\" target=\"_blank\" rel=\"noopener noreferrer\"><img loading=\"lazy\" decoding=\"async\" class=\"wp-image-486 size-large aligncenter\" src=\"https:\/\/www.spolek-amonit.cz\/wp-content\/uploads\/2017\/07\/pozvani-obrazek-1024x683.png\" alt=\"\" width=\"525\" height=\"350\" srcset=\"https:\/\/www.spolek-amonit.cz\/wp-content\/uploads\/2017\/07\/pozvani-obrazek-1024x683.png 1024w, https:\/\/www.spolek-amonit.cz\/wp-content\/uploads\/2017\/07\/pozvani-obrazek-300x200.png 300w, https:\/\/www.spolek-amonit.cz\/wp-content\/uploads\/2017\/07\/pozvani-obrazek-768x512.png 768w, https:\/\/www.spolek-amonit.cz\/wp-content\/uploads\/2017\/07\/pozvani-obrazek.png 1707w\" sizes=\"auto, (max-width: 525px) 100vw, 525px\" \/><\/a><\/p>\n<p class=\"western\" style=\"text-align: center;\"><strong><a href=\"https:\/\/www.spolek-amonit.cz\/wp-content\/uploads\/2017\/07\/letacek-a4.pdf\" target=\"_blank\" rel=\"noopener noreferrer\">Let\u00e1\u010dek s dal\u0161\u00edmi informacemi.<\/a><\/strong><\/p>\n<p class=\"western\">K&nbsp;akci se proto nen\u00ed v&nbsp;\u017e\u00e1dn\u00e9m p\u0159\u00edpad\u011b mo\u017en\u00e9 p\u0159ipojit po za\u010d\u00e1tku, stejn\u011b jako nen\u00ed mo\u017en\u00e9 v&nbsp;pr\u016fb\u011bhu na \u010das odjet a pot\u00e9 se vr\u00e1tit. Samoz\u0159ejm\u011b je mo\u017en\u00e9 akci p\u0159ed\u010dasn\u011b opustit, nicm\u00e9n\u011b vzhledem k&nbsp;prob\u00edhaj\u00edc\u00edm proces\u016fm se jedn\u00e1 o vlastn\u00ed zodpov\u011bdnost doty\u010dn\u00e9ho a my to rozhodn\u011b nedoporu\u010dujeme. P\u0159ed\u010dasn\u00e9 ukon\u010den\u00ed procesu napl\u00e1novan\u00e9ho na cel\u00fdch 10 dn\u016f m\u016f\u017ee b\u00fdt nebezpe\u010dn\u00e9.<\/p>\n<p class=\"western\">Za jist\u00fdch okolnost\u00ed je mo\u017en\u00e9 p\u0159ijet pouze na prvn\u00ed v\u00edkend, tj. od p\u00e1tku 18. 8. do ned\u011ble 20. 8. Tuto mo\u017enost je nicm\u00e9n\u011b t\u0159eba s&nbsp;n\u00e1mi konzultovat.<\/p>\n<p class=\"western\">S pobytem d\u011bt\u00ed v\u011bku rozli\u010dn\u00e9ho se po\u010d\u00edt\u00e1. Jejich zam\u011bstn\u00e1n\u00ed\/zabaven\u00ed, nebudou-li s to se z\u00fa\u010dastnit technik, \u0159e\u0161\u00edme operativn\u011b podle toho, jak se sejdou a jak\u00e9ho v\u011bku. Rodi\u010de nicm\u00e9n\u011b mus\u00ed po\u010d\u00edtat s&nbsp;t\u00edm, \u017ee pokud jejich d\u00edt\u011b vy\u017eaduje jejich p\u0159\u00edtomnost a nezabav\u00ed se samo, n\u011bkter\u00e9 mimo\u0159\u00e1dn\u011b intenzivn\u00ed techniky budou muset o\u017eelet.<\/p>\n<p class=\"western\">Cenu se sna\u017e\u00edme dr\u017eet na takov\u00e9 \u00farovni, aby se na\u0161ich t\u00fddn\u016f mohl v&nbsp;z\u00e1sad\u011b z\u00fa\u010dastnit ka\u017ed\u00fd. V&nbsp;cen\u011b je zapo\u010d\u00edt\u00e1na kompletn\u00ed strava po celou dobu trv\u00e1n\u00ed (10 dn\u00ed), ubytov\u00e1n\u00ed, v\u011bt\u0161ina pot\u0159eb k&nbsp;technik\u00e1m a program na cel\u00fdch 10 dn\u00ed.<\/p>\n<p class=\"western\">V&nbsp;p\u0159\u00edpad\u011b d\u011btsk\u00fdch \u00fa\u010dastn\u00edk\u016f se cena z\u00e1sadn\u011b odv\u00edj\u00ed od jejich v\u011bku. Je nutno se s&nbsp;n\u00e1mi spojit.<\/p>\n<p class=\"western\">Cena p\u0159\u00edpadn\u00e9ho pobytu jen po dobu po\u010d\u00e1te\u010dn\u00edho v\u00edkendu je 2000 K\u010d.<\/p>\n<p class=\"western\">V\u00e1\u017en\u00ed z\u00e1jemci, osv\u011bte se, pros\u00edm, na <a href=\"mailto:spolek.amonit@gmail.com\">spolek.amonit@gmail.com<\/a><\/p>\n","protected":false},"excerpt":{"rendered":"<p>Program je p\u0159ipravov\u00e1n jako pom\u011brn\u011b intenzivn\u00ed, sebezku\u0161enostn\u00ed pobyt, jen\u017e umo\u017e\u0148uje \u00fa\u010dastn\u00edk\u016fm ur\u010dit\u00fd posun \u010di r\u016fst. K&nbsp;tomu je nutn\u00e1 pln\u00e1 pozornost, maxim\u00e1ln\u00ed nasazen\u00ed a v\u016fle vyu\u017e\u00edt techniky a\u017e na hranu jejich &hellip; <\/p>\n<p class=\"link-more\"><a href=\"https:\/\/www.spolek-amonit.cz\/index.php\/event\/samansky-tyden\/\" class=\"more-link\">Pokra\u010dovat ve \u010dten\u00ed<span class=\"screen-reader-text\"> &#8222;\u0160amansk\u00fd t\u00fdden&#8220;<\/span><\/a><\/p>\n","protected":false},"author":1,"featured_media":0,"comment_status":"open","ping_status":"closed","template":"","meta":{"ngg_post_thumbnail":0,"_tribe_events_status":"","_tribe_events_status_reason":"","footnotes":""},"tags":[],"tribe_events_cat":[],"class_list":["post-260","tribe_events","type-tribe_events","status-publish","hentry"],"_links":{"self":[{"href":"https:\/\/www.spolek-amonit.cz\/index.php\/wp-json\/wp\/v2\/tribe_events\/260","targetHints":{"allow":["GET"]}}],"collection":[{"href":"https:\/\/www.spolek-amonit.cz\/index.php\/wp-json\/wp\/v2\/tribe_events"}],"about":[{"href":"https:\/\/www.spolek-amonit.cz\/index.php\/wp-json\/wp\/v2\/types\/tribe_events"}],"author":[{"embeddable":true,"href":"https:\/\/www.spolek-amonit.cz\/index.php\/wp-json\/wp\/v2\/users\/1"}],"replies":[{"embeddable":true,"href":"https:\/\/www.spolek-amonit.cz\/index.php\/wp-json\/wp\/v2\/comments?post=260"}],"version-history":[{"count":7,"href":"https:\/\/www.spolek-amonit.cz\/index.php\/wp-json\/wp\/v2\/tribe_events\/260\/revisions"}],"predecessor-version":[{"id":507,"href":"https:\/\/www.spolek-amonit.cz\/index.php\/wp-json\/wp\/v2\/tribe_events\/260\/revisions\/507"}],"wp:attachment":[{"href":"https:\/\/www.spolek-amonit.cz\/index.php\/wp-json\/wp\/v2\/media?parent=260"}],"wp:term":[{"taxonomy":"post_tag","embeddable":true,"href":"https:\/\/www.spolek-amonit.cz\/index.php\/wp-json\/wp\/v2\/tags?post=260"},{"taxonomy":"tribe_events_cat","embeddable":true,"href":"https:\/\/www.spolek-amonit.cz\/index.php\/wp-json\/wp\/v2\/tribe_events_cat?post=260"}],"curies":[{"name":"wp","href":"https:\/\/api.w.org\/{rel}","templated":true}]}}

Šamanský týden

<p class="western">Program je připravován jako poměrně intenzivní, sebezkušenostní pobyt, jenž umožňuje účastníkům určitý posun či růst. K&nbsp;tomu je nutná plná pozornost, maximální nasazení a vůle využít techniky až na hranu jejich i svých možností. Vědomě pracujeme se silami, které nás nepochybně přesahují a které nelze mít plně pod kontrolou. Je proto nutné kruh společenství otevřít společně a společně též vymezit prostor, kde se celý proces bude odehrávat. Veškerá pozornost účastníků bude během týdne zaměřena dovnitř skupiny, což umožní značný stupeň otevření, ale i zranitelnosti. Následující hlubinné techniky pak budou probíhat v bezpečí vnitřního prostředí společenství, které je uzavřeno před vnějšími vlivy.</p>
<p class="western"><a href="https://www.spolek-amonit.cz/wp-content/uploads/2017/07/letacek-a4.pdf" target="_blank" rel="noopener noreferrer"><img loading="lazy" decoding="async" class="wp-image-486 size-large aligncenter" src="https://www.spolek-amonit.cz/wp-content/uploads/2017/07/pozvani-obrazek-1024x683.png" alt="" width="525" height="350" srcset="https://www.spolek-amonit.cz/wp-content/uploads/2017/07/pozvani-obrazek-1024x683.png 1024w, https://www.spolek-amonit.cz/wp-content/uploads/2017/07/pozvani-obrazek-300x200.png 300w, https://www.spolek-amonit.cz/wp-content/uploads/2017/07/pozvani-obrazek-768x512.png 768w, https://www.spolek-amonit.cz/wp-content/uploads/2017/07/pozvani-obrazek.png 1707w" sizes="auto, (max-width: 525px) 100vw, 525px" /></a></p>
<p class="western" style="text-align: center;"><strong><a href="https://www.spolek-amonit.cz/wp-content/uploads/2017/07/letacek-a4.pdf" target="_blank" rel="noopener noreferrer">Letáček s dalšími informacemi.</a></strong></p>
<p class="western">K&nbsp;akci se proto není v&nbsp;žádném případě možné připojit po začátku, stejně jako není možné v&nbsp;průběhu na čas odjet a poté se vrátit. Samozřejmě je možné akci předčasně opustit, nicméně vzhledem k&nbsp;probíhajícím procesům se jedná o vlastní zodpovědnost dotyčného a my to rozhodně nedoporučujeme. Předčasné ukončení procesu naplánovaného na celých 10 dnů může být nebezpečné.</p>
<p class="western">Za jistých okolností je možné přijet pouze na první víkend, tj. od pátku 18. 8. do neděle 20. 8. Tuto možnost je nicméně třeba s&nbsp;námi konzultovat.</p>
<p class="western">S pobytem dětí věku rozličného se počítá. Jejich zaměstnání/zabavení, nebudou-li s to se zúčastnit technik, řešíme operativně podle toho, jak se sejdou a jakého věku. Rodiče nicméně musí počítat s&nbsp;tím, že pokud jejich dítě vyžaduje jejich přítomnost a nezabaví se samo, některé mimořádně intenzivní techniky budou muset oželet.</p>
<p class="western">Cenu se snažíme držet na takové úrovni, aby se našich týdnů mohl v&nbsp;zásadě zúčastnit každý. V&nbsp;ceně je započítána kompletní strava po celou dobu trvání (10 dní), ubytování, většina potřeb k&nbsp;technikám a program na celých 10 dní.</p>
<p class="western">V&nbsp;případě dětských účastníků se cena zásadně odvíjí od jejich věku. Je nutno se s&nbsp;námi spojit.</p>
<p class="western">Cena případného pobytu jen po dobu počátečního víkendu je 2000 Kč.</p>
<p class="western">Vážní zájemci, osvěte se, prosím, na <a href="mailto:spolek.amonit@gmail.com">spolek.amonit@gmail.com</a></p>

<p>Program je připravován jako poměrně intenzivní, sebezkušenostní pobyt, jenž umožňuje účastníkům určitý posun či růst. K&nbsp;tomu je nutná plná pozornost, maximální nasazení a vůle využít techniky až na hranu jejich &hellip; </p>
<p class="link-more"><a href="https://www.spolek-amonit.cz/index.php/event/samansky-tyden/" class="more-link">Pokračovat ve čtení<span class="screen-reader-text"> &#8222;Šamanský týden&#8220;</span></a></p>
