{"id":20690,"date":"2025-01-11T18:01:21","date_gmt":"2025-01-11T17:01:21","guid":{"rendered":"https:\/\/www.spolek-amonit.cz\/?post_type=tribe_events&#038;p=20690"},"modified":"2025-01-25T10:17:27","modified_gmt":"2025-01-25T09:17:27","slug":"letni-slunovrat-oziveni-bubnu-2025","status":"publish","type":"tribe_events","link":"https:\/\/www.spolek-amonit.cz\/index.php\/event\/letni-slunovrat-oziveni-bubnu-2025\/","title":{"rendered":"Letn\u00ed slunovrat + o\u017eiven\u00ed bubn\u016f 2025"},"content":{"rendered":"<p>Letn\u00ed slunovrat tradi\u010dn\u011b v\u00edt\u00e1me potn\u00ed ch\u00fd\u0161\u00ed. Budou samoz\u0159ejm\u011b i cesty bubnu, sd\u00edlec\u00ed kruhy, v\u00fdpravy ven, n\u011bjak\u00e1 pr\u00e1ce kolem Mariny.&nbsp;<\/p>\n<p>Pokud budou na p\u0159edchoz\u00ed akci vyrobeny n\u011bjak\u00e9 nov\u00e9 bubny, je v\u00fdznamou sou\u010d\u00e1st\u00ed tohoto v\u00edkendu jejich o\u017eiven\u00ed a uveden\u00ed do kruhu ostatn\u00edch bubn\u016f.&nbsp;<\/p>\n","protected":false},"excerpt":{"rendered":"<p>Letn\u00ed slunovrat tradi\u010dn\u011b v\u00edt\u00e1me potn\u00ed ch\u00fd\u0161\u00ed. Budou samoz\u0159ejm\u011b i cesty bubnu, sd\u00edlec\u00ed kruhy, v\u00fdpravy ven, n\u011bjak\u00e1 pr\u00e1ce kolem Mariny.&nbsp; Pokud budou na p\u0159edchoz\u00ed akci vyrobeny n\u011bjak\u00e9 nov\u00e9 bubny, je v\u00fdznamou &hellip; <\/p>\n<p class=\"link-more\"><a href=\"https:\/\/www.spolek-amonit.cz\/index.php\/event\/letni-slunovrat-oziveni-bubnu-2025\/\" class=\"more-link\">Pokra\u010dovat ve \u010dten\u00ed<span class=\"screen-reader-text\"> &#8222;Letn\u00ed slunovrat + o\u017eiven\u00ed bubn\u016f 2025&#8220;<\/span><\/a><\/p>\n","protected":false},"author":1,"featured_media":0,"comment_status":"open","ping_status":"closed","template":"","meta":{"ngg_post_thumbnail":0,"_tribe_events_status":"","_tribe_events_status_reason":"","footnotes":""},"tags":[],"tribe_events_cat":[],"class_list":["post-20690","tribe_events","type-tribe_events","status-publish","hentry"],"_links":{"self":[{"href":"https:\/\/www.spolek-amonit.cz\/index.php\/wp-json\/wp\/v2\/tribe_events\/20690","targetHints":{"allow":["GET"]}}],"collection":[{"href":"https:\/\/www.spolek-amonit.cz\/index.php\/wp-json\/wp\/v2\/tribe_events"}],"about":[{"href":"https:\/\/www.spolek-amonit.cz\/index.php\/wp-json\/wp\/v2\/types\/tribe_events"}],"author":[{"embeddable":true,"href":"https:\/\/www.spolek-amonit.cz\/index.php\/wp-json\/wp\/v2\/users\/1"}],"replies":[{"embeddable":true,"href":"https:\/\/www.spolek-amonit.cz\/index.php\/wp-json\/wp\/v2\/comments?post=20690"}],"version-history":[{"count":3,"href":"https:\/\/www.spolek-amonit.cz\/index.php\/wp-json\/wp\/v2\/tribe_events\/20690\/revisions"}],"predecessor-version":[{"id":20708,"href":"https:\/\/www.spolek-amonit.cz\/index.php\/wp-json\/wp\/v2\/tribe_events\/20690\/revisions\/20708"}],"wp:attachment":[{"href":"https:\/\/www.spolek-amonit.cz\/index.php\/wp-json\/wp\/v2\/media?parent=20690"}],"wp:term":[{"taxonomy":"post_tag","embeddable":true,"href":"https:\/\/www.spolek-amonit.cz\/index.php\/wp-json\/wp\/v2\/tags?post=20690"},{"taxonomy":"tribe_events_cat","embeddable":true,"href":"https:\/\/www.spolek-amonit.cz\/index.php\/wp-json\/wp\/v2\/tribe_events_cat?post=20690"}],"curies":[{"name":"wp","href":"https:\/\/api.w.org\/{rel}","templated":true}]}}

Letní slunovrat + oživení bubnů 2025

<p>Letní slunovrat tradičně vítáme potní chýší. Budou samozřejmě i cesty bubnu, sdílecí kruhy, výpravy ven, nějaká práce kolem Mariny.&nbsp;</p>
<p>Pokud budou na předchozí akci vyrobeny nějaké nové bubny, je významou součástí tohoto víkendu jejich oživení a uvedení do kruhu ostatních bubnů.&nbsp;</p>

<p>Letní slunovrat tradičně vítáme potní chýší. Budou samozřejmě i cesty bubnu, sdílecí kruhy, výpravy ven, nějaká práce kolem Mariny.&nbsp; Pokud budou na předchozí akci vyrobeny nějaké nové bubny, je významou &hellip; </p>
<p class="link-more"><a href="https://www.spolek-amonit.cz/index.php/event/letni-slunovrat-oziveni-bubnu-2025/" class="more-link">Pokračovat ve čtení<span class="screen-reader-text"> &#8222;Letní slunovrat + oživení bubnů 2025&#8220;</span></a></p>
