{"id":182,"date":"2017-01-28T23:30:23","date_gmt":"2017-01-28T22:30:23","guid":{"rendered":"http:\/\/si-projekty-vyvoj.fit.cvut.cz\/wp\/?post_type=tribe_events&#038;p=182"},"modified":"2017-04-17T16:34:32","modified_gmt":"2017-04-17T14:34:32","slug":"carodejnice","status":"publish","type":"tribe_events","link":"https:\/\/www.spolek-amonit.cz\/index.php\/event\/carodejnice\/","title":{"rendered":"\u010carodejnice"},"content":{"rendered":"<p>Jedn\u00e1 se o tradi\u010dn\u00ed oslavu plodnosti, s o\u010distou ohn\u011bm a l\u00e9\u010div\u00fdmi vodami. T\u011b\u0161it se m\u016f\u017eete na pr\u00e1ci se \u017eensk\u00fdm i mu\u017esk\u00fdm principem, cestu bubnu, o\u010distu oh\u0148ov\u00fdm kruhem, v\u00fdrobu tradi\u010dn\u00ed m\u00e1jky a dal\u0161\u00ed souvisej\u00edc\u00ed techniky. Hodn\u011b budeme pracovat i s t\u011blem.<\/p>\n<p>A pozor, organiz\u00e1torky vzkazuj\u00ed, \u017ee jakkoliv maj\u00ed d\u011bti r\u00e1dy (ka\u017ed\u00e1 sv\u00fdm vlastn\u00edm zp\u016fsobem ;-)),&nbsp; je tato akce mezi akcemi Amonitu (zat\u00edm) jedin\u00e1 <strong>\u010dist\u011b dosp\u011bl\u00e1ck\u00e1.<\/strong><\/p>\n<p><em>Kvetouc\u00ed stromy von\u00ed v sametov\u00e9 tm\u011b, ohn\u011b planou a milenci se pr\u00e1v\u011b vyd\u00e1vaj\u00ed do les\u016f oddat se sv\u00fdm milostn\u00fdm hr\u00e1m&#8230;<\/em><\/p>\n<p><strong>S sebou doporu\u010dujeme:<\/strong><br \/>\n\u0160amansk\u00e9 bubny, m\u00e1te-li + dal\u0161\u00ed primitivn\u00ed hudebn\u00ed n\u00e1stroje<br \/>\nRitu\u00e1ln\u00ed od\u011bv (\u017eeny \u010derven\u00fd a mu\u017ei b\u00edl\u00fd)<br \/>\nStar\u0161\u00ed n\u016f\u017e na sm\u016flu<br \/>\nOzdoby na v\u011bnec (m\u00e1jka)<br \/>\nSilov\u00e9 p\u0159edm\u011bty<br \/>\nPracovn\u00ed oble\u010den\u00ed a obuv<br \/>\nSpac\u00e1k, dobrou n\u00e1ladu a v\u011bci denn\u00ed pot\u0159eby s sebou. \ud83d\ude42<\/p>\n<p><strong>Cena akce je 1500,-<\/strong><\/p>\n","protected":false},"excerpt":{"rendered":"<p>Jedn\u00e1 se o tradi\u010dn\u00ed oslavu plodnosti, s o\u010distou ohn\u011bm a l\u00e9\u010div\u00fdmi vodami. T\u011b\u0161it se m\u016f\u017eete na pr\u00e1ci se \u017eensk\u00fdm i mu\u017esk\u00fdm principem, cestu bubnu, o\u010distu oh\u0148ov\u00fdm kruhem, v\u00fdrobu tradi\u010dn\u00ed m\u00e1jky &hellip; <\/p>\n<p class=\"link-more\"><a href=\"https:\/\/www.spolek-amonit.cz\/index.php\/event\/carodejnice\/\" class=\"more-link\">Pokra\u010dovat ve \u010dten\u00ed<span class=\"screen-reader-text\"> &#8222;\u010carodejnice&#8220;<\/span><\/a><\/p>\n","protected":false},"author":1,"featured_media":0,"comment_status":"open","ping_status":"closed","template":"","meta":{"ngg_post_thumbnail":0,"_tribe_events_status":"","_tribe_events_status_reason":"","footnotes":""},"tags":[],"tribe_events_cat":[],"class_list":["post-182","tribe_events","type-tribe_events","status-publish","hentry"],"_links":{"self":[{"href":"https:\/\/www.spolek-amonit.cz\/index.php\/wp-json\/wp\/v2\/tribe_events\/182","targetHints":{"allow":["GET"]}}],"collection":[{"href":"https:\/\/www.spolek-amonit.cz\/index.php\/wp-json\/wp\/v2\/tribe_events"}],"about":[{"href":"https:\/\/www.spolek-amonit.cz\/index.php\/wp-json\/wp\/v2\/types\/tribe_events"}],"author":[{"embeddable":true,"href":"https:\/\/www.spolek-amonit.cz\/index.php\/wp-json\/wp\/v2\/users\/1"}],"replies":[{"embeddable":true,"href":"https:\/\/www.spolek-amonit.cz\/index.php\/wp-json\/wp\/v2\/comments?post=182"}],"version-history":[{"count":4,"href":"https:\/\/www.spolek-amonit.cz\/index.php\/wp-json\/wp\/v2\/tribe_events\/182\/revisions"}],"predecessor-version":[{"id":442,"href":"https:\/\/www.spolek-amonit.cz\/index.php\/wp-json\/wp\/v2\/tribe_events\/182\/revisions\/442"}],"wp:attachment":[{"href":"https:\/\/www.spolek-amonit.cz\/index.php\/wp-json\/wp\/v2\/media?parent=182"}],"wp:term":[{"taxonomy":"post_tag","embeddable":true,"href":"https:\/\/www.spolek-amonit.cz\/index.php\/wp-json\/wp\/v2\/tags?post=182"},{"taxonomy":"tribe_events_cat","embeddable":true,"href":"https:\/\/www.spolek-amonit.cz\/index.php\/wp-json\/wp\/v2\/tribe_events_cat?post=182"}],"curies":[{"name":"wp","href":"https:\/\/api.w.org\/{rel}","templated":true}]}}

Čarodejnice

<p>Jedná se o tradiční oslavu plodnosti, s očistou ohněm a léčivými vodami. Těšit se můžete na práci se ženským i mužským principem, cestu bubnu, očistu ohňovým kruhem, výrobu tradiční májky a další související techniky. Hodně budeme pracovat i s tělem.</p>
<p>A pozor, organizátorky vzkazují, že jakkoliv mají děti rády (každá svým vlastním způsobem ;-)),&nbsp; je tato akce mezi akcemi Amonitu (zatím) jediná <strong>čistě dospělácká.</strong></p>
<p><em>Kvetoucí stromy voní v sametové tmě, ohně planou a milenci se právě vydávají do lesů oddat se svým milostným hrám&#8230;</em></p>
<p><strong>S sebou doporučujeme:</strong><br />
Šamanské bubny, máte-li + další primitivní hudební nástroje<br />
Rituální oděv (ženy červený a muži bílý)<br />
Starší nůž na smůlu<br />
Ozdoby na věnec (májka)<br />
Silové předměty<br />
Pracovní oblečení a obuv<br />
Spacák, dobrou náladu a věci denní potřeby s sebou. 🙂</p>
<p><strong>Cena akce je 1500,-</strong></p>

<p>Jedná se o tradiční oslavu plodnosti, s očistou ohněm a léčivými vodami. Těšit se můžete na práci se ženským i mužským principem, cestu bubnu, očistu ohňovým kruhem, výrobu tradiční májky &hellip; </p>
<p class="link-more"><a href="https://www.spolek-amonit.cz/index.php/event/carodejnice/" class="more-link">Pokračovat ve čtení<span class="screen-reader-text"> &#8222;Čarodejnice&#8220;</span></a></p>
